{"id":44,"date":"2024-11-28T17:38:46","date_gmt":"2024-11-28T17:38:46","guid":{"rendered":"https:\/\/macdaniels.com.mx\/blog\/?post_type=product&#038;p=44"},"modified":"2024-11-28T17:39:30","modified_gmt":"2024-11-28T17:39:30","slug":"cpu-mini-dell-3070-i5-novena-generacion","status":"publish","type":"product","link":"https:\/\/macdaniels.com.mx\/blog\/producto\/cpu-mini-dell-3070-i5-novena-generacion\/","title":{"rendered":"CPU mini Dell 3070 i5 novena generaci\u00f3n"},"content":{"rendered":"<p>Monitor dell 22&#8243; P2217 o P2217H<br \/>\nprocesador i5-9500T novena generaci\u00f3n<br \/>\n512GB Disco duro s\u00f3lido<br \/>\nMemoria 16gb DDR4<br \/>\nSin DVD<br \/>\nCon cables, mouse y teclados (los perif\u00e9ricos hasta agotar existencia)<br \/>\nSin tarjeta de Wifi<br \/>\nSin webcam<br \/>\nWindows 10 Professional<\/p>\n","protected":false},"excerpt":{"rendered":"<p>Monitor dell 22&#8243; P2217 o P2217H procesador i5-9500T novena generaci\u00f3n 512GB Disco duro s\u00f3lido Memoria 16gb DDR4 Sin DVD Con cables, mouse y teclados (los perif\u00e9ricos hasta agotar existencia) Sin tarjeta de Wifi Sin webcam Windows 10 Professional<\/p>\n","protected":false},"featured_media":29,"comment_status":"open","ping_status":"closed","template":"","meta":[],"product_brand":[],"product_cat":[17],"product_tag":[],"class_list":{"0":"post-44","1":"product","2":"type-product","3":"status-publish","4":"has-post-thumbnail","6":"product_cat-pc","8":"first","9":"instock","10":"shipping-taxable","11":"purchasable","12":"product-type-simple"},"_links":{"self":[{"href":"https:\/\/macdaniels.com.mx\/blog\/wp-json\/wp\/v2\/product\/44","targetHints":{"allow":["GET"]}}],"collection":[{"href":"https:\/\/macdaniels.com.mx\/blog\/wp-json\/wp\/v2\/product"}],"about":[{"href":"https:\/\/macdaniels.com.mx\/blog\/wp-json\/wp\/v2\/types\/product"}],"replies":[{"embeddable":true,"href":"https:\/\/macdaniels.com.mx\/blog\/wp-json\/wp\/v2\/comments?post=44"}],"wp:featuredmedia":[{"embeddable":true,"href":"https:\/\/macdaniels.com.mx\/blog\/wp-json\/wp\/v2\/media\/29"}],"wp:attachment":[{"href":"https:\/\/macdaniels.com.mx\/blog\/wp-json\/wp\/v2\/media?parent=44"}],"wp:term":[{"taxonomy":"product_brand","embeddable":true,"href":"https:\/\/macdaniels.com.mx\/blog\/wp-json\/wp\/v2\/product_brand?post=44"},{"taxonomy":"product_cat","embeddable":true,"href":"https:\/\/macdaniels.com.mx\/blog\/wp-json\/wp\/v2\/product_cat?post=44"},{"taxonomy":"product_tag","embeddable":true,"href":"https:\/\/macdaniels.com.mx\/blog\/wp-json\/wp\/v2\/product_tag?post=44"}],"curies":[{"name":"wp","href":"https:\/\/api.w.org\/{rel}","templated":true}]}}